 factors of t?
11
Let f be (-1)/(-5) + (-72)/(-15). Let c be 196/6 + (-2)/3. Suppose k + c = f*k. List the prime factors of k.
2
Let q(k) = k**3 + 9*k**2 + 4. Let u be q(-9). Let m(x) = x**3 - 4*x**2 + 5*x + 4. List the prime factors of m(u).
2, 3
Suppose -3 = 3*u + 3. Suppose 2*n - r - 15 = 0, 2*n - 3*r - 35 = -2*n. Let w = n + u. What are the prime factors of w?
3
Suppose 2*w - w - y = -6, -2 = 3*w + 5*y. Let q(l) = l**2 + 3*l - 2. Let u be q(w). Suppose -a = 5*k - 2*a - 18, 4*a + 6 = -u*k. List the prime factors of k.
3
Suppose -4*z + 200 = x, -2*z - 133 = -5*z - 5*x. What are the prime factors of z?
3, 17
Let d = -3 + 5. Let s = d - -5. What are the prime factors of s?
7
Let g(i) = i**3 + 3*i**2 + i + 1. Let p = 7 + -9. Let x be g(p). Suppose 0 = -5*f - 0*b - 4*b + 60, -x*b + 1 = f. List the prime factors of f.
2
Suppose h - 3*h + 2*c = -2, 3*h - c + 5 = 0. Let j be (-1 - (h + 0)) + -2. Suppose 5*o + 0*o = -5*q + 30, -3*q + o + 30 = j. List the prime factors of q.
3
List the prime factors of (1348/(-48)*-3)/(2/8).
337
Let h(m) = -2*m - 12. List the prime factors of h(-8).
2
Let n(m) = 23*m**2 + 3*m + 6. List the prime factors of n(-3).
2, 3, 17
Let b(g) = -g + 1. Let q(u) = -u**3 - 4*u**2 - 2*u - 1. Let w be 1/3 - (-7)/(-3). Let h be q(w). What are the prime factors of b(h)?
2, 3
Let w = 5 + 37. List the prime factors of w.
2, 3, 7
Suppose 0 = -5*w + 5*j + 20, -j + 3*j + 8 = -w. Suppose w*c + 4*c - 8 = 0. Suppose 5*r + 45 = 3*d, 2*r + 12 = -c*r. What are the prime factors of d?
2, 5
Suppose 4*r - 9 - 27 = 0. Suppose 4*c - r*c + 95 = 0. List the prime factors of c.
19
Suppose 0 = 4*n - w - 12, 16 + 0 = 4*w. Suppose -33 = -5*u - 8. Suppose 4*q - u*g = 14 + 8, 0 = -q + n*g. What are the prime factors of q?
2
Suppose 0 = -3*p - 2*p + 425. What are the prime factors of p?
5, 17
Suppose -3*o = -12 + 6. What are the prime factors of o?
2
Let p(c) be the third derivative of c**5/60 - 7*c**4/24 - c**3/3 + c**2. Let u be p(8). Let i = 3 + u. What are the prime factors of i?
3
Suppose -q - q = -10. Suppose b - 20 - 120 = -3*l, 4*l + q*b = 194. Suppose -4*w - 14 = -l. List the prime factors of w.
2
Let x(a) = a**3 + 15*a**2 - 3*a - 7. List the prime factors of x(-15).
2, 19
Suppose -6*b = -3*b - 5*c + 6, -3 = 2*b - 3*c. Suppose -3 - b = -3*t. What are the prime factors of t/((1 - -2)/18)?
2, 3
Let d(h) = h**2 - h - 13. List the prime factors of d(-7).
43
Let r(v) = -v - 5. Let w be r(-7). Suppose 2*d - 30 = w. List the prime factors of d.
2
Let y be ((-4)/8)/((-1)/(-184)). Let z be (y/6)/(4/(-6)). Suppose 4*a = 3*u - z, 0 = -0*u + u + 3*a + 1. What are the prime factors of u?
5
Let j = -4 + 6. Let n(a) = -2*a**2 + 2 - 7*a + 3*a**2 - j*a**2. List the prime factors of n(-6).
2
Let z be ((-22)/6)/(1/3). Let s(p) = p**3 + 10*p**2 - 12*p + 8. What are the prime factors of s(z)?
19
Let k(h) = -h**3 + h**2 - h - 2. Let u be k(0). Let t(b) = b + 2. Let w be t(-2). What are the prime factors of u/(-1) - (w + -2)?
2
Let l be 6/(-27) + 40/18. Suppose -l*x + 51 = x. List the prime factors of x.
17
Suppose r = -3*t - 19 + 114, 5*t - 189 = -2*r. List the prime factors of r.
2, 23
Let n be (0 + -2)/(-1 + 0). Let f(a) = -n + a - 3*a - 6. List the prime factors of f(-9).
2, 5
Let n = 17 + 65. What are the prime factors of n?
2, 41
Let w = -4 - -4. Let g = w - -2. Suppose -g*b - 10 = -o, 2*o - 6*o + 5*b + 43 = 0. List the prime factors of o.
2, 3
List the prime factors of (-8)/2*(795/(-20) + 5).
139
Let u be 5 + (-2)/(-2) + -1. Let q = u - 1. Let s(c) = c**3 - 3*c**2 - 2*c - 1. List the prime factors of s(q).
7
Let v = 21 + 89. What are the prime factors of v?
2, 5, 11
Suppose 2*f - 3 - 5 = -3*o, 5*f - 4*o - 43 = 0. Let y = f - 3. Suppose 0 = 3*q - 3*n - 45 - 15, y*q + 3*n - 73 = 0. List the prime factors of q.
19
Let i be ((-2)/2)/(10/(-30)). Suppose -122 = -i*a - 5*k, -2*a + 37 = -5*k - 11. List the prime factors of a.
2, 17
Let c be -12*(-1 + (-3)/(-6)). Suppose 65 = -p + c*p. Suppose -a - p = -2*a. List the prime factors of a.
13
Suppose 3*k = k + 10. Let t be (7 - -2)*(k + -4). Let f = t + -1. List the prime factors of f.
2
Suppose -2*u = 5 + 1, -3*z - 30 = 2*u. Let p(v) = -v**3 - 8*v**2 - 3*v - 7. List the prime factors of p(z).
17
Let g(c) = 2*c + 2 - 5 + 1. Let q = 7 + -3. List the prime factors of g(q).
2, 3
Suppose 4*q - 7*q = 4*g - 1040, -g = q - 260. List the prime factors of g.
2, 5, 13
Suppose -4*j + 5*j = -4. Let y = 6 + j. Suppose y*q + a = 23, 4*q - 5*a = -0*q + 67. List the prime factors of q.
13
Let z(j) = 2*j**2 + 13*j + 5. Let p be z(-11). Suppose 4*l - p = -8. What are the prime factors of l?
2, 3
Let p(x) = 3*x**3 + 2*x**2 + 3*x - 3. Let t(w) = 48*w**3 + 33*w**2 + 48*w - 48. Let v(y) = 33*p(y) - 2*t(y). List the prime factors of v(2).
3
Suppose 56*g - 53*g - 378 = 0. What are the prime factors of g?
2, 3, 7
Let s(f) = 14*f**2 + 4*f - 6. Let k(o) = -5*o**2 - o + 2. Let v(q) = 17*k(q) + 6*s(q). Let t be v(7). List the prime factors of 1/2 + (-7)/t.
2
Let k(r) = -12*r - 3. What are the prime factors of k(-3)?
3, 11
Let n be (-4)/(-10)*-1*-10. Suppose -w - 3*w = 4*y, -y - n = 0. What are the prime factors of w?
2
Suppose 4*s = -v - 10, -3*s = -2*v - 0*s + 24. Suppose -3*x - v = -33. List the prime factors of x.
3
Let o(f) = 36*f**2. Let v(z) = 2*z + 15. Let s be v(-7). List the prime factors of o(s).
2, 3
Let c(h) = h**3 - 5*h**2 + 4*h + 2. Let x be c(4). Suppose x*l - 6 = 4. What are the prime factors of l?
5
Suppose -3*u - 2*u - 50 = 0. List the prime factors of ((-13)/2)/(5/u).
13
Let f = -1 + 4. Suppose 0 = 4*g + 8, f*r + 2*g + 0*g - 17 = 0. List the prime factors of r.
7
Suppose -u + 37 + 54 = 0. Suppose 85 = 5*c - 5*r, 0 = 5*c + r - u + 18. List the prime factors of c.
3, 5
Let l be (-7)/2*-1*18. Let m = 109 - l. Suppose p - 4*p - 43 = -4*i, m = 5*i + 4*p. What are the prime factors of i?
2, 5
Suppose 3*m - 40 = -10. Suppose 0 = 2*w - 7*w - m. Let c(t) = 3*t**2 - 2*t + 1. List the prime factors of c(w).
17
Suppose 0 = -q - 5, 0*q + 415 = 5*l + 4*q. Let z = l - 37. What are the prime factors of z?
2, 5
Let x(t) = t**3 - 4*t**2 - 12*t - 16. List the prime factors of x(7).
47
Suppose -2*i - 21 = -65. Suppose -i = -b - b. List the prime factors of b.
11
Let o(n) = -6*n + 4. Let p be o(-4). Suppose -1 = -3*k + 5. Suppose k*z - p = -2*z. What are the prime factors of z?
7
Suppose 2*l + 3 - 13 = 2*d, 5*l - 3*d - 25 = 0. Suppose -4*o - 2*z = -200, 0 = l*o + 3*z - 166 - 84. Suppose 2*k = 7*k - o. List the prime factors of k.
2, 5
Let a(l) = l**3 - 14*l**2 + l - 5. Let n be a(14). Let i = -4 - -7. Suppose 4*m + i*q = n, -4*m + q = 2 - 15. List the prime factors of m.
3
Suppose 5*t + 5 = 4*t. Let q(l) = l**2 + 6*l + 7. List the prime factors of q(t).
2
Let m(g) = -9*g**2 - 1. Let r be m(-1). Let f(p) = -p**3 - 10*p**2 - p - 5. List the prime factors of f(r).
5
Let r(o) be the second derivative of o**5/20 - o**4/4 - o**2 - 5*o. What are the prime factors of r(4)?
2, 7
Suppose 17 - 51 = -2*y. List the prime factors of y.
17
Suppose 0*d - 4 = -4*d. Let y be (-4)/22 + (-468)/(-33). What are the prime factors of d/((8/y)/4)?
7
Let p(u) be the first derivative of u**4/4 + 4*u**3/3 + 3*u**2/2 + 5*u + 1. Let a be p(-4). List the prime factors of (-2)/a + 276/14.
2, 5
Suppose 0 = 8*y - 371 + 3. What are the prime factors of y?
2, 23
Let j(r) = 24*r**2 - r + 5. List the prime factors of j(2).
3, 11
Let j(b) = b**3 + 15*b**2 - 15*b - 13. What are the prime factors of j(-15)?
2, 53
Suppose -3*b = 5*q - 211, -5*b + 0*b - 3*q + 341 = 0. What are the prime factors of b?
67
Let k(u) = -u**2 - 12*u - 14. Let d be k(-10). Let s = 12 + d. List the prime factors of s.
2, 3
Let y(q) = 28*q + 35. List the prime factors of y(5).
5, 7
Let q = 9 - 7. Suppose -3*n - q*s = -6*n + 45, -3*n + 48 = -3*s. What are the prime factors of n?
13
Let u(s) = -24*s**3 + s**2 + s. Let w be (-1 - -4)*8/(-24). What are the prime factors of u(w)?
2, 3
Let i(j) = -j**3 + 3*j**2 + 4*j + 1. Let o be i(4). Suppose -4 = -5*w + o. Suppose -2*z + 11 + w = 0. List the prime factors of z.
2, 3
What are the prime factors of 2 + (0 - (-294 - (1 + -2)))?
5, 59
Suppose 2*d = -4*w + 3*d - 27, d - 3 = 0. List the prime factors of (-59)/(-2) + w/12.
29
Let c(s) = -s**2 + 11*s - 13. Let t be c(9). Suppose 61 